0 + 11*u**4/24 - u**3 - 8*u**2. Let f be 0/2 + 0 + 9. List the prime factors of j(f).
2, 3
Let z(s) = -s**3 + 8*s**2 + 4*s - 2. What are the prime factors of z(7)?
3, 5
Suppose 3*n = 16 + 2. Suppose 2 = -i + 4*j, 3*i + 3*j = n*i - 21. Suppose l + 4*f = i, f - 27 = -4*l - 2*f. List the prime factors of l.
2, 3
Suppose 0 = -2*c + 5*i + 72, 5*c + 3*i - 150 = 2*c. List the prime factors of c.
2, 23
Let f be ((-77)/(-44))/(2/8). Let x = 11 + -7. Suppose -x*r - f = -55. What are the prime factors of r?
2, 3
Let l be (1*-4)/4 + 2. List the prime factors of 14 - ((-2)/(-1) + l).
11
Let m = -16 - -22. List the prime factors of m.
2, 3
Let b(z) = z**3 - 8*z**2 + 7*z - 3. Let y be b(7). Let w(l) = l**2 - 7*l - 2. Let j be w(5). Let q = y - j. List the prime factors of q.
3
Let a(r) = -4 + 6*r + 1 - 1 - 5*r**2 + r**3. Suppose -4*j - 3*w = -10, 0*w = 5*j - 2*w - 24. List the prime factors of a(j).
2
Suppose -25*o + 20 = -21*o. Suppose 0 = o*c - 4*c - 40. What are the prime factors of c?
2, 5
Suppose 15 = -2*o + 5*o. Suppose -17 = 5*f - 3*a - 71, 0 = o*f - 5*a - 50. What are the prime factors of f?
2, 3
Suppose -2*b = 3*b - 70. Suppose 0 = -2*p - 0 + b. What are the prime factors of p?
7
Let j(o) = -9*o + 49. List the prime factors of j(-26).
283
Suppose w - 6*w = -685. Suppose 3*x + 5*u = w, 0 = -4*x - u + 200 - 40. What are the prime factors of x?
3, 13
Let p be (-6 - -2)*2/4. Let m be (-1 - -10)*p/(-3). Suppose 4 = b - m. What are the prime factors of b?
2, 5
Let o be 6/((-6)/4 + 3). Suppose -2*l + h = -71, -5*h + h - 140 = -o*l. List the prime factors of l.
2, 3
Let r(n) = -n**2 + 8*n + 10. Let s be r(9). List the prime factors of s/(-4) - 405/(-20).
2, 5
Let k = -11 + 19. Let s = 12 + -11. Let m = s + k. What are the prime factors of m?
3
Let s = -2 - 0. What are the prime factors of 24/2 - s/(-1)?
2, 5
Suppose 60 = 2*c + 3*c. List the prime factors of c.
2, 3
Let a be (186/8 - -1)*4. Suppose -3*s = -a + 37. List the prime factors of s.
2, 5
Let q(s) be the first derivative of s**4/4 + 2*s**3 - 7*s**2/2 + 8*s - 9. List the prime factors of q(-7).
2
Suppose 14*z - 1408 - 608 = 0. List the prime factors of z.
2, 3
List the prime factors of (4396/(-112))/((-1)/4).
157
Let v = -1 - -4. Suppose -v*f + 15 = -27. What are the prime factors of f?
2, 7
Let s(n) = 2*n + 5*n**2 - 4*n**2 - 5 + 0. Let z be s(-7). Suppose -3*l = -3*b - 9 - 21, -3*l + 4*b + z = 0. List the prime factors of l.
2, 5
Suppose 5*z - 4 = 1. Let l(p) = 2*p + 1. What are the prime factors of l(z)?
3
Let r = -26 + 36. Suppose -h = r - 33. What are the prime factors of h?
23
List the prime factors of ((-15)/(-5))/((-1)/(-11)).
3, 11
Let u be (-28)/3*(-39)/26. Suppose -5*t + 69 = u. What are the prime factors of t?
11
Suppose -o = -5*b + 753, -b + 3*b - 291 = -3*o. What are the prime factors of b?
2, 3, 5
Suppose -6*h + h + 40 = 0. Let y(v) = -v**2 + 9*v + 2. What are the prime factors of y(h)?
2, 5
Suppose 5*r - 123 = 37. Suppose -6*f = -5*f - r. List the prime factors of f.
2
Suppose 12*p - 1600 = -13*p. What are the prime factors of p?
2
Suppose -2*d - 98 = -5*c, 0*c = -c + 4*d + 16. What are the prime factors of c?
2, 5
Suppose 0 = -2*z - 0*z + 6, -5*z + 19 = -q. List the prime factors of ((-106)/(-6))/(q/(-12)).
53
Let y(d) be the first derivative of -d**2/2 + 9*d + 3. List the prime factors of y(-7).
2
Suppose -3*c = -5*c + 166. List the prime factors of c.
83
Suppose n + 29 = -0*n. Let f = n - -55. List the prime factors of f.
2, 13
Let u be 1/3 - (-10)/6. Suppose 57 = 4*b - b. Suppose -a - u = -b. What are the prime factors of a?
17
Let h(p) be the first derivative of -4*p**3/3 - 7*p**2/2 + 7*p - 1. Let d(s) = -s**2 - s + 1. Let w(b) = -5*d(b) + h(b). What are the prime factors of w(3)?
5
Let m(d) = -8*d**2 + 4 - 8*d**3 - 3*d - 4*d + 7*d**3. Let y be m(-7). List the prime factors of 2 + y + (-2 - -4).
2
Let o(v) = v + 244. What are the prime factors of o(0)?
2, 61
Suppose -23 = 15*o - 16*o. What are the prime factors of o?
23
Let m(a) = a. Let v = -6 + 13. What are the prime factors of m(v)?
7
Suppose -4*u - 28 = -6*u. What are the prime factors of u?
2, 7
Suppose -20 = -w - 5*p, -4*w - 11 - 1 = -3*p. Suppose -5 = b - w*b. List the prime factors of 2/(10/(-9))*b.
3
Suppose 35 = -11*h + 16*h. List the prime factors of h.
7
Let t(m) = -m**2 - 4*m + 8. Let u be t(-5). What are the prime factors of (0 - -3)*19/u?
19
Let c(v) = 31*v. Suppose 2*l = 1 + 1. Let t be c(l). Let a = t - 17. What are the prime factors of a?
2, 7
Let o(x) = 12*x - 6. List the prime factors of o(5).
2, 3
Let l(c) = -3*c - 11. List the prime factors of l(-12).
5
Suppose 2*y = w + 94, 2*y - y = 4*w + 61. List the prime factors of y.
3, 5
Let b be 3/(2/10 - 0). Let i = b - 8. What are the prime factors of i?
7
Let h = 77 - 8. List the prime factors of h.
3, 23
Let z = 448 + -253. List the prime factors of z.
3, 5, 13
What are the prime factors of (-6460)/(-90) - (-2)/9?
2, 3
Let m = -19 - -14. Let v = 10 + m. What are the prime factors of v?
5
Let p(r) = -r**3 - 6*r**2 - 5*r + 4. Let y be p(-5). Suppose 18 + 10 = y*k. What are the prime factors of k?
7
Let h(g) = -3*g**2 - 3*g + 4. Let v be h(-4). What are the prime factors of v/(-5) + (-12)/(-20)?
7
Suppose -7*r = -2*r + 25. Let d = 15 + r. List the prime factors of d.
2, 5
Let j(z) = -6*z**2 + 11*z**3 - z + 0*z + 8 - 10*z**3. Let u be j(6). Suppose 5*n = -3*t + u*n - 3, t - 2*n = 11. List the prime factors of t.
3
Let o(v) = 16*v - 63. What are the prime factors of o(15)?
3, 59
Suppose o = 5*o - 8. List the prime factors of 1 + -6*(-1)/o.
2
Let z = -14 + 8. What are the prime factors of 78/(-4)*4/z?
13
Let z(j) = -j**3 + j - 1. Let f(h) = 16*h**3 - h**2 - 5*h + 6. Let r(y) = -f(y) - 5*z(y). Let t be r(-1). Let a = t - -2. What are the prime factors of a?
13
What are the prime factors of 241 - 15 - 9/(-3)?
229
Let n = 11 + -11. Suppose 4*f + n*w + w - 101 = 0, 0 = -5*f - 2*w + 130. What are the prime factors of f?
2, 3
Suppose 4*l - 4*g = 60, -66 = -0*l - 4*l - 2*g. Let r = l - 7. List the prime factors of r.
3
Let f be 4/7 - (-767)/(-7). Let h = -71 - f. What are the prime factors of h?
2, 19
Let q(t) = t**3 - 3*t**2 + t - 4. Let m be q(3). Let b be -2 + m + 2 + 1. Suppose 4*c - 3 - 5 = b. List the prime factors of c.
2
Let r = 55 - 81. Let b(z) = -z**3 + 7*z**2 - 3*z + 1. Let d be b(5). Let p = r + d. What are the prime factors of p?
2, 5
Suppose 0*k = k - 23. List the prime factors of k.
23
Let d = 2 - 3. Let q = 3 + d. Suppose -5*f + 23 = 3*g - q, -g + 13 = 4*f. List the prime factors of g.
5
Let i = -7 + 5. What are the prime factors of 3/2 - 25/i?
2, 7
Suppose 5*r + 3*f - 5 = 7, 0 = 4*r + f - 4. Suppose 3*n = n + 2, 2*z + 2*n - 22 = r. Suppose 0 = i - 5 - z. What are the prime factors of i?
3, 5
Let f = -29 - -76. Suppose 83 = -q + 5*q - 5*a, 3*a - f = -2*q. List the prime factors of q.
2, 11
Let g(h) be the second derivative of -2*h - 1/2*h**3 + 1/2*h**2 + 0. List the prime factors of g(-1).
2
Let s = 29 + -16. List the prime factors of s.
13
Let i = -291 + 465. List the prime factors of i.
2, 3, 29
Let q = 12 + 38. What are the prime factors of q?
2, 5
Let l(c) = c**2 + 5*c - 3. Let m be l(-5). Let y = -18 - -10. Let d = m - y. What are the prime factors of d?
5
Let d = 421 - 28. What are the prime factors of d?
3, 131
Suppose -2*z - 52 + 148 = 0. What are the prime factors of z?
2, 3
Suppose 32*r - 44*r = -2484. List the prime factors of r.
3, 23
Suppose 3*t = -4 + 580. Suppose -3*r + t = 3*r. What are the prime factors of r?
2
Suppose 0 = 2*y - 5*i - 220, -4*y + 2*i + 592 = y. Suppose -5*q - y = -10*q. List the prime factors of q.
2, 3
Let h = -26 + 29. Let b(i) = -i**2 - 8*i - 7. Let r be b(-6). Suppose -h*d - 6 = -r*d. List the prime factors of d.
3
Let w = 15 - 29. Let a = 24 + w. What are the prime factors of a?
2, 5
Let g = 12 + -7. Suppose -3*i = -4*d, 2 = -g*d + 17. List the prime factors of i.
2
Suppose 0*n = -3*n + 93. List the prime factors of n.
31
Let w = 2 - 4. Let y(u) = -4*u - 4*u + 1 + 6*u. What are the prime factors of y(w)?
5
Let m(n) = -2*n. Let l be (-6)/9 + 12/(-9). Let s = l + 0. What are the prime factors of m(s)?
2
List the prime factors of 2/7 - 131*120/(-56).
281
Let h(l) = 3*l - 6. Let p be h(5). Suppose -4*d + 0*d + p = -q, -d